ighest common divisor of q and 135?
15
Let c be (-27)/(-5) + (-6)/15. What is the greatest common factor of 5 and c?
5
Let i(x) = -x - 1. Let d be i(-6). Suppose 2*g = 3*t - 7, -d*t + 7 = -3*g + 2*g. Suppose 3*a - t = 2*a. What is the highest common divisor of 11 and a?
1
Suppose 2*d - 2*i = 7*d - 90, 2*i = d - 6. Let k = 5 - 1. Calculate the highest common divisor of k and d.
4
Suppose -4*l + 5*h = 3, l - 21 = -2*l - 4*h. Let z = 15 + l. Calculate the highest common factor of 6 and z.
6
Let f(z) = -z**3 + z**2 + 31. Let w be f(0). Let d = w - 12. Calculate the highest common divisor of 152 and d.
19
Let d(x) = 18*x + 9. Let r be d(10). Let i(n) = -5*n - 4. Let c be i(-5). Calculate the greatest common divisor of c and r.
21
Let b(r) = -r**3 + 5*r**2 + 4*r - 4. Let c = -18 - -23. Let t be b(c). What is the greatest common factor of t and 4?
4
Suppose 2*v = -v + 57. Suppose 0 = -2*r, 9*r + 304 = 2*y + 12*r. Calculate the greatest common factor of y and v.
19
Suppose x = 6*x - 5. Let u = 98 - 91. What is the greatest common divisor of u and x?
1
Suppose -5*a + 2*a = -27. Let c(h) = 2*h + 25. Let t be c(19). Calculate the greatest common divisor of a and t.
9
Suppose l = -3*r + 23 + 3, -3*l - 3*r + 54 = 0. Let c(g) = -5*g**2 - 5*g - 1. Let h be c(7). Let j = 435 + h. What is the greatest common divisor of l and j?
14
Let r = 0 + -4. Let a = r + 6. Suppose 77 = 5*l - a*q, -q - 3 + 2 = 0. What is the highest common factor of l and 3?
3
Suppose 26 = 2*g - 5*w - 44, -4*g + 5*w = -130. Calculate the greatest common factor of 10 and g.
10
Suppose -3*c = -5*v + 27, -32 = -4*v + 2*c + 3*c. Suppose -3*l + 31 = u, 3*l = -3*u - v + 114. Calculate the highest common factor of u and 10.
10
Let f = 79 - -9. What is the highest common factor of f and 11?
11
Let c(t) = 4*t - 2. Let a be c(4). Calculate the highest common factor of 98 and a.
14
Let r be -3*(-2)/15 + 1961/185. What is the greatest common divisor of r and 88?
11
Let t = 60 - 39. Let o = 59 - 56. Calculate the highest common factor of o and t.
3
Suppose 4*m + 3*h - 68 = 0, -4*m + 5*h + 68 = -32. Suppose 5*p + 11 = -4. Let w be p*(-3)/(-9)*-50. What is the greatest common divisor of m and w?
10
Let h be (-1)/((-2)/2) - -4. Suppose o - h*o + 40 = 0. What is the greatest common factor of o and 30?
10
Let r = 17 - 15. Let d = -11 + 17. Suppose -d*x + 16 = -r*x. What is the greatest common divisor of 12 and x?
4
Suppose 4*m - 18 = 2*m. Let c be (-1 - 2)*(-429)/m. Suppose 0 = 4*y - 50 - 2. What is the highest common divisor of y and c?
13
Suppose -103 = -3*z - 0*g + g, 4*g - 164 = -4*z. Calculate the greatest common divisor of 9 and z.
9
Suppose 30 + 12 = 2*f. What is the highest common divisor of f and 14?
7
Suppose 3*r + 3 = 4*r. Suppose y + 80 = r*c, -2*y - 3*y = -4*c + 125. What is the highest common divisor of c and 5?
5
Suppose 4*t - 11 = -3*b - 2, -37 = -2*t + 5*b. Let k = 2 - -1. Suppose 2*v + k = 3*v. Calculate the greatest common factor of v and t.
3
Let s be (-126)/(-4)*24/9. Let y(o) = o**2 - 6 + 3 + 0 + 2*o. Let d be y(-5). What is the greatest common factor of d and s?
12
Let d be 8/(-28) + (-298)/(-14). Suppose 2*t = t + d. Calculate the highest common factor of 7 and t.
7
Let j(l) = 2*l + 3*l**3 + 2*l**3 - l. Let z be j(-1). Let k be (-76)/(-12) - 4/z. Calculate the greatest common factor of 35 and k.
7
Let k(v) = 6*v - 9. Let q be k(6). Let z = -13 + q. What is the greatest common factor of 56 and z?
14
Suppose -5*r + 226 = -r - 2*y, -5*y + 205 = 4*r. What is the highest common divisor of 11 and r?
11
Let p(a) = -a + 8. Let h be p(6). What is the highest common factor of 2 and h?
2
Suppose -14 = -6*t + 22. Calculate the highest common factor of 54 and t.
6
Suppose 3*m = -2*o + 3*o - 8, -5*o - 5*m = 40. Let z(w) = -w**2 - 9*w - 5. Let c be z(-8). Let f = c - o. Calculate the highest common factor of f and 7.
7
Let d(o) = 0 - 1 + 0 - 3*o - 3. Let y be d(-5). Let h be -11*(1 + (-5 - 1)). Calculate the highest common factor of y and h.
11
Suppose 3*z - 4*z + 28 = 0. Let s = -131 + 201. What is the highest common divisor of z and s?
14
Suppose 5*w - 7 = 3. Let v(n) = -5*n + 4 + w*n**2 + n**2 + 2 - 5*n. Let a be v(6). Calculate the highest common factor of a and 6.
6
Let k be ((-20)/(-6))/(16/(-6) + 3). What is the greatest common factor of k and 15?
5
Suppose 4*l = -0*l + 3*p + 235, -5*l = -p - 280. Let a(d) = -10*d**3 - d. Let w be a(-1). Calculate the greatest common factor of l and w.
11
Suppose -5*b + 2*j = -56, -51 + 10 = -5*b - 3*j. Let k(z) = z**3 - z**2 - 3*z + 6. Let p be k(3). Calculate the greatest common factor of p and b.
5
Let v be (11/2)/((-16)/(-480)). Let y be ((-4)/(-10))/(3/v). What is the greatest common factor of y and 66?
22
Let g(p) = 2*p - 9. Let t be g(8). Calculate the greatest common factor of 70 and t.
7
Suppose 2*m + 1 = -4*y + 15, -9 = -y + 5*m. Suppose 10*k + y = 11*k. Calculate the greatest common factor of 10 and k.
2
Let f = 24 - -21. What is the greatest common divisor of 18 and f?
9
Suppose 2*r + 1 = z, 3*z + 0*z - 13 = r. What is the highest common factor of 6 and r?
2
Suppose 4 = -2*l + 5*h + 32, -28 = -l - h. Calculate the highest common divisor of l and 12.
12
Let w = -5 + 11. Calculate the highest common divisor of 18 and w.
6
Let q(o) = 6*o**2. Let i be q(-1). Let j be 118/i - 1/(-3). Suppose -7*x + j = -3*x. What is the highest common divisor of x and 45?
5
Let p = 9 + 33. Suppose 0 = -2*o + h - 3*h + 24, -24 = -o + 5*h. Calculate the greatest common factor of o and p.
14
Let j = 29 - -114. Calculate the highest common divisor of j and 13.
13
Let b(l) = -l**3 - 8*l**2 - 8*l - 7. Let o be b(-7). Suppose o = -3*c + 8*c - 440. Suppose 0 = -4*a + 22 + 10. Calculate the highest common factor of a and c.
8
Suppose 4 = -s + 2. Let o = s + 13. Suppose 11 = 2*k - o. Calculate the highest common factor of 55 and k.
11
Let l(w) = -w**3 + 3*w**2 + 2*w + 3. Let m be l(4). Let t be (-4)/20 - 281/m. Calculate the highest common divisor of 8 and t.
8
Suppose 0 = -2*m - m + 4*u + 52, -87 = -3*m - 3*u. Calculate the greatest common factor of 6 and m.
6
Let q(t) = t**3 + 8*t**2 + 8*t. Suppose -5*k + 26 = -14. Let x be (k/(-6))/((-4)/(-18)). Let c be q(x). What is the greatest common factor of c and 16?
8
Let i be 3/4*8/3. Suppose i*t - 160 + 15 = -5*p, -t + 95 = -5*p. Calculate the greatest common divisor of 32 and t.
16
Suppose 4 + 0 = v. Let g = v + 56. What is the highest common divisor of g and 20?
20
Let m(v) = -v**3 - v**2 + 3*v - 4. Let t be m(-3). Suppose 0 = t*d + 4 - 324. Calculate the greatest common factor of 8 and d.
8
Let n be 47 - 1*1*-1. Suppose 0 = -v + 5*v - 676. Let w = v - n. Calculate the highest common factor of 11 and w.
11
Suppose -4*v = 4*n - 32, -n + 0*n + 12 = 3*v. Let m(d) = d**2 + 7*d + 1. Let p be m(-7). Let l = 2 - p. What is the greatest common factor of n and l?
1
Suppose -5*f - 11 = 3*g - g, f = g - 5. Let q be ((-5)/g)/(2/(-8)). Let x = 1 - -29. What is the highest common factor of q and x?
10
Let h be 1 - 2 - (-3 - -2). Suppose -r + 3*z + 54 = -z, 4*r + 4*z - 196 = h. What is the highest common divisor of r and 10?
10
Let w = -23 + 67. What is the greatest common factor of w and 22?
22
Suppose -65 = -5*o - 0*o. Suppose 109 = -3*y + o. Let k = -11 - y. What is the highest common divisor of k and 21?
21
Suppose 0 = j + 4*d - 6 - 42, -2*d = 5*j - 150. Calculate the greatest common factor of 14 and j.
14
Let i(a) = 14*a + 5. Let w(f) = -21*f - 7. Let b(y) = 7*i(y) + 5*w(y). Let r be b(-4). Let d = -13 - -55. What is the highest common divisor of d and r?
14
Suppose -16 = -4*v + 2*v - 4*b, -4*v - 3*b = -32. Let j = 44 + 28. Calculate the greatest common factor of j and v.
8
Let o(k) = -k**3 - 12*k**2 - 15*k - 11. Let v be o(-11). Calculate the highest common factor of 55 and v.
11
Suppose -15*j = -4*j - 132. What is the highest common divisor of j and 12?
12
Suppose -21 = 41*q - 44*q. Let d(s) = -s - 1. Let o be d(-4). Suppose 0 = 5*k - 5*j - 50, -o*j = -k - k + 16. Calculate the greatest common divisor of q and k.
7
Let w = 8 - 17. Let p be 12/w*6/(-2). Suppose 0 = -p*x + 6*y - 4*y + 88, 5*x - 99 = -3*y. What is the greatest common factor of 7 and x?
7
Let h be -1 + 0 - 13*-1. Let b(l) = 2*l + 64. Let f be b(-14). What is the highest